6 a factor of 3320848?
True
Is 9 a factor of 33912?
True
Does 99 divide 12147037?
False
Is 12453 a multiple of 6?
False
Does 8 divide 110328?
True
Is 17316 a multiple of 3?
True
Does 24 divide 80723?
False
Is 193000 a multiple of 200?
True
Is 36518 a multiple of 31?
True
Is 487960 a multiple of 117?
False
Does 29 divide 74502?
False
Is 18 a factor of 4031622?
True
Is 2921547 a multiple of 54?
False
Is 2242892 a multiple of 134?
True
Is 5 a factor of 382821?
False
Does 67 divide 96145?
True
Is 43 a factor of 331316?
False
Is 86187 a multiple of 2?
False
Is 78 a factor of 372918?
True
Is 65031 a multiple of 27?
False
Does 62 divide 235660?
False
Is 1453524 a multiple of 12?
True
Is 290704 a multiple of 1630?
False
Is 184 a factor of 2455296?
True
Is 5 a factor of 512?
False
Does 41 divide 381775?
False
Is 86 a factor of 9116?
True
Is 293 a factor of 725468?
True
Does 14 divide 1001025?
False
Is 884165 a multiple of 205?
True
Does 657 divide 623150?
False
Is 85712 a multiple of 537?
False
Does 12 divide 8943?
False
Is 25 a factor of 1256125?
True
Is 95328 a multiple of 331?
True
Is 37 a factor of 1949308?
True
Does 79 divide 92148?
False
Does 48 divide 1872?
True
Is 390 a factor of 572666?
False
Is 50309 a multiple of 15?
False
Does 46 divide 1281136?
False
Is 478 a factor of 95122?
True
Is 3031064 a multiple of 149?
False
Is 810288 a multiple of 48?
True
Is 2170053 a multiple of 220?
False
Is 848216 a multiple of 229?
True
Does 1091 divide 12348649?
False
Is 134 a factor of 104457?
False
Does 11 divide 428516?
True
Is 188396 a multiple of 52?
True
Is 23 a factor of 3312230?
True
Does 120 divide 11272680?
True
Is 1701378 a multiple of 98?
True
Does 56 divide 534275?
False
Is 272 a factor of 879595?
False
Is 81 a factor of 1038379?
False
Is 18 a factor of 54198?
True
Does 2 divide 30?
True
Does 163 divide 28819907?
False
Is 4903116 a multiple of 17?
False
Is 4406553 a multiple of 1411?
True
Is 4412 a multiple of 14?
False
Is 63608 a multiple of 43?
False
Is 700892 a multiple of 16?
False
Does 20 divide 656732?
False
Is 8531 a multiple of 38?
False
Is 12840 a multiple of 24?
True
Does 39 divide 896883?
True
Does 11 divide 290312?
True
Is 37 a factor of 1541124?
True
Is 788903 a multiple of 77?
False
Is 254 a factor of 1946841?
False
Does 355 divide 1683265?
False
Is 847022 a multiple of 8?
False
Is 1009423 a multiple of 317?
False
Is 218 a factor of 1159093?
False
Is 440963 a multiple of 2?
False
Is 652377 a multiple of 373?
True
Is 133354 a multiple of 33?
False
Is 585016 a multiple of 59?
False
Is 653900 a multiple of 260?
True
Does 234 divide 3271554?
True
Does 16 divide 545042?
False
Is 68 a factor of 466480?
True
Does 500 divide 269500?
True
Does 23 divide 46437?
True
Is 9 a factor of 452322?
True
Does 409 divide 342742?
True
Does 7 divide 7711862?
False
Is 338 a factor of 5621?
False
Does 365 divide 851545?
True
Is 189316 a multiple of 19?
True
Is 26 a factor of 88790?
True
Does 41 divide 264942?
True
Is 11771388 a multiple of 123?
False
Does 63 divide 1114848?
True
Is 3101859 a multiple of 10?
False
Is 43204 a multiple of 103?
False
Is 1933636 a multiple of 19?
False
Is 23 a factor of 2785097?
False
Does 18 divide 2266578?
True
Does 276 divide 17101589?
False
Is 24 a factor of 508032?
True
Is 12474194 a multiple of 733?
True
Is 483283 a multiple of 8?
False
Is 40 a factor of 6314558?
False
Does 463 divide 2611320?
True
Is 2797875 a multiple of 8?
False
Does 251 divide 5097862?
False
Is 51 a factor of 1108475?
False
Is 299652 a multiple of 167?
False
Is 4702265 a multiple of 89?
False
Is 3219450 a multiple of 9?
False
Is 18 a factor of 43254?
True
Is 152 a factor of 1120240?
True
Does 21 divide 98827?
False
Does 24 divide 840176?
False
Is 961227 a multiple of 697?
False
Does 880 divide 600160?
True
Does 12 divide 1444716?
True
Does 233 divide 267735?
False
Is 353 a factor of 166263?
True
Does 4 divide 1163888?
True
Is 21 a factor of 74025?
True
Does 8 divide 7632?
True
Is 260488 a multiple of 8?
True
Does 53 divide 661917?
True
Is 10035382 a multiple of 19?
True
Is 642 a factor of 17018598?
False
Is 266820 a multiple of 23?
False
Is 634874 a multiple of 107?
False
Does 87 divide 7321398?
True
Does 19 divide 72504?
True
Is 97 a factor of 3668561?
False
Is 23 a factor of 386262?
True
Is 25 a factor of 24462?
False
Is 1334597 a multiple of 103?
False
Does 10 divide 1060010?
True
Is 138208 a multiple of 16?
True
Does 128 divide 349866?
False
Is 991480 a multiple of 40?
True
Is 206 a factor of 424650?
False
Is 31227 a multiple of 3?
True
Is 85 a factor of 8075?
True
Is 1011 a factor of 4237101?
True
Does 40 divide 89160?
True
Is 41 a factor of 856211?
False
Is 3 a factor of 35365?
False
Is 906 a factor of 1001130?
True
Does 23 divide 109802?
True
Is 410856 a multiple of 6?
True
Is 195162 a multiple of 66?
True
Is 32 a factor of 437993?
False
Is 13 a factor of 6942?
True
Is 41 a factor of 54241?
False
Is 5797909 a multiple of 13?
True
Is 20831 a multiple of 10?
False
Does 8 divide 188088?
True
Does 7 divide 16641?
False
Is 2929848 a multiple of 24?
True
Does 268 divide 11721248?
True
Is 56 a factor of 533064?
True
Is 182 a factor of 1089634?
True
Does 215 divide 18737?
False
Is 4 a factor of 290028?
True
Does 291 divide 1410129?
False
Is 196 a factor of 966690?
False
Is 36 a factor of 777276?
True
Is 34 a factor of 1920243?
False
Does 37 divide 21382?
False
Is 6 a factor of 6818646?
True
Does 104 divide 384072?
True
Does 437 divide 16938591?
False
Does 124 divide 12934?
False
Is 158635 a multiple of 149?
False
Is 349 a factor of 9631546?
False
Is 63 a factor of 3407355?
True
Does 782 divide 3952379?
False
Is 52 a factor of 7278206?
False
Does 386 divide 505510?
False
Is 135183 a multiple of 52?
False
Is 904665 a multiple of 41?
True
Is 228315 a multiple of 220?
False
Does 142 divide 3478139?
False
Is 263752 a multiple of 2?
True
Is 2305642 a multiple of 578?
True
Is 306497 a multiple of 135?
False
Is 156 a factor of 383618?
False
Does 265 divide 205566?
False
Is 19 a factor of 3442255?
False
Is 8 a factor of 2526872?
True
Is 733857 a multiple of 20?
False
Is 2654513 a multiple of 948?
False
Does 45 divide 10571086?
False
Is 124 a factor of 585945?
False
Is 182068 a multiple of 36?
False
Does 368 divide 12123760?
True
Is 47 a factor of 105985?
True
Does 821 divide 17425725?
True
Does 64 divide 525970?
False
Is 4 a factor of 410?
False
Is 110660 a multiple of 55?
True
Does 23 divide 737725?
True
Is 505051 a multiple of 568?
False
Is 435400 a multiple of 25?
True
Is 743817 a multiple of 90?
False
Does 31 divide 114049?
True
Does 714 divide 3527874?
True
Is 93056 a multiple of 64?
True
Is 226 a factor of 479346?
True
Is 3 a factor of 375948?
True
Is 85410 a multiple of 93?
False
Is 84 a factor of 839268?
False
Does 103 divide 1329456?
False
Is 12980754 a multiple of 129?
True
Is 11294256 a multiple of 12?
True
Is 35 a factor of 1362900?
True
Is 740388 a multiple of 22?
True
Does 750 divide 1149000?
True
Is 164 a factor of 2207604?
True
Is 20 a factor of 76820?
True
Does 906 divide 1094448?
True
Is 256624 a multiple of 344?
True
Does 14 divide 658291?
False
Is 181456 a multiple of 88?
True
Is 112 a factor of 379904?
True
Is 20914 a multiple of 2?
True
Is 1056108 a multiple of 483?
False
Is 16170 a multiple of 15?
True
Does 53 divide 12390754?
False
Is 9339297 a multiple of 172?
False
Is 40 a factor of 99296?
False
Is 31915 a multiple of 469?
False
Does 23 divide 32990?
False
Does 374 divide 1247290?
True
Does 28 divide 4219180?
True
Is 633880 a multiple of 13?
True
Is 175593 a multiple of 11?
True
Is 15 a factor of 5338519?
False
Is 5044647 a multiple of 367?
False
Is 424350 a multiple of 30?
True
Does 72 divide 6485570?
False
Does 22 divide 2546962?
True
Does 15 divide 22301?
False
Is 34 a factor of 942500?
False
Is 893 a factor of 14189770?
True
Does 61 divide 204533?
True
Does 12 divide 4332?
True
Does 22 divide 2786014?
True
Does 105 divide 45895?
False
Is 5653803 a multiple of 45?
False
Is 3 a factor of 100218?
True
Does 140 divide 769160?
True
Is 660341 a multiple of 3?
False
Is 98 a factor of 193158?
True
Is 462 a factor of 357588?
True
Does 160 divide 26400?
True
Is 5612859 a multiple of 53?
True
Does 385 divide 495495?
True
Is 13793600 a m